5*i(v) + 3*r(v). Determine b(6).
5
Let o(j) = -6*j**2. Let v be (-14 - -15)/(((-1)/(-18))/1). Let i be (-62)/(-22) + -3 + v/(-22). Calculate o(i).
-6
Let a(r) = -29*r + 41. Let g(w) = -7*w + 9. Let b(d) = -2*a(d) + 9*g(d). Determine b(-1).
4
Suppose -62 = 7*t - 41. Let p be 8/t*2/(16/(-12)). Let i(d) = 4*d - 3 + 2 - 1. Give i(p).
14
Let t(h) = -h**3 - 4*h**2 - 4*h - 1. Let y be t(-4). Let d = 17 - y. Let s(m) = m**d - 4 - 6*m - 7*m + 5*m. What is s(8)?
-4
Let x = 88 + -20. Suppose -x*o = -62*o - 18. Let a(f) = 135 - 4*f**3 + 8*f**2 - 145 + 0*f + o*f**3 + f. Calculate a(8).
-2
Let k(h) = -10*h - 61. Let w(m) = 21*m + 155. Let b(n) = -5*k(n) - 2*w(n). Determine b(4).
27
Let d(b) be the third derivative of b**6/120 + b**5/12 + b**4/8 - b**3/3 - b**2. Suppose -2652*k - 48 = -2640*k. Give d(k).
2
Let y(o) = -o**3 - 4*o**2 + 2*o - 5. Suppose 0*z + 26 = -4*z - 2*v, -3*z - 5*v - 30 = 0. Determine y(z).
10
Let o(s) be the third derivative of 139*s**2 - 1/12*s**5 + 1/8*s**4 + 0*s + 2/3*s**3 + 0. Calculate o(-3).
-50
Let r(x) = -x**3 - 5*x**2 + 2*x + 7. Let n be 40 - (0/(-2))/(7/(-7)). Let d be (-8*(-4)/n)/((-6)/(-15)). Suppose 15 = -d*v + 5. Determine r(v).
-3
Let t(a) = a + 13. Suppose 1234 + 382 = -8*b. Let n = b - -187. Determine t(n).
-2
Let q(m) = -2*m**3 + 31*m**2 - 15*m + 5. Let o be q(15). Suppose -w + 27 = -o*y - 0*y, -3*y - 26 = -2*w. Let r(a) = 10 - 4*a - 2*a + 12*a - 7*a. Calculate r(w).
3
Let u(c) be the first derivative of -c**3/3 + 23*c**2/2 + 51*c - 33. Let r be u(25). Let m be r/5 + 16/(-5). Let k(n) = n**3 + 2*n**2 - 2*n - 2. What is k(m)?
-5
Suppose 3*f - 11*f = 0. Let n(m) = -1 + 6*m + m**2 + f*m**2 + 4 - 2. What is n(-5)?
-4
Let u(x) = -x**2 + 4*x + 5. Let c be u(4). Let d(f) = 3 + c*f + 18*f - 11*f. Suppose 5*z + 13 - 3 = 0. Give d(z).
-21
Let b(q) be the second derivative of q**5/20 + q**4/12 + 13*q**2 - 5*q. Let d = 1552 + -1552. Calculate b(d).
26
Let m = -54 + 62. Suppose -26 = -6*f - m. Let x(b) = 15*b + b**f + b**2 - 10*b + 4*b**2 + 5. Calculate x(-4).
1
Suppose 3*p = -6*g + 5*g - 10, 0 = 5*g - 25. Let j(t) = t**2 + 4*t - 9. Determine j(p).
-4
Suppose 8*j - 6*j - 24 = 0. Suppose -j + 10 = -a. Let k be (-8)/((-4)/a*(-3 - -4)). Let p(s) = -s**3 + 5*s**2 - 3*s - 1. Determine p(k).
3
Let t = -18 - -11. Let u(x) be the first derivative of -x**4/4 - 5*x**3/3 + 8*x**2 + 17*x - 3666. What is u(t)?
3
Let u(n) = -5*n**2 + 0*n**2 + 0*n**2. Suppose -c = -24*k + 27*k + 103, -k - c = 37. Let w be 55/k + 2/3. Determine u(w).
-5
Let k = 19 - 16. Let u(g) be the first derivative of 3*g**2/2 - 3*g - 498. Calculate u(k).
6
Let q(b) = b + 1. Suppose -y - 1 = -10. Suppose 0 = -y*w + 10*w + 6. What is q(w)?
-5
Let h(t) = -5*t + 9. Let o(q) = -12*q + 23. Let n(a) = 13*h(a) - 5*o(a). Calculate n(-1).
7
Let y(t) be the second derivative of 2*t + 1/3*t**3 + 1/2*t**2 - 58. Determine y(2).
5
Let b(m) = -5*m + 7 - 3*m + 30 - 19 - 11. What is b(-5)?
47
Let c(f) be the first derivative of 3*f**2/2 + 46*f - 1650. Give c(0).
46
Let y(o) = 4*o**2 - o + 5. Let a = -5368 + 5371. Determine y(a).
38
Let h(s) = 13*s - 15. Let r(b) = 39*b - 46. Let l(u) = 13*h(u) - 4*r(u). Determine l(1).
2
Let p(o) = 4 + 15*o**3 + 9 + 6*o**2 + 19*o**3 + 19*o + 2*o - 35*o**3. Give p(9).
-41
Let y(g) = -g**2 + 4*g - 5. Suppose -31 = -u - 32. Let r be 1 - u - (28/(-4) - -5). Calculate y(r).
-5
Suppose -22 = -v - 5*i, 5*i + 13 = v + 3*v. Let s(t) = t**2 - 4*t - 15. Let u be s(v). Let c(h) = -5*h - 2*h**2 - h**2 + 4 + 4*h**2. Determine c(u).
10
Let s(g) = g**2 - 5*g - 7. Let w(q) = -2*q**2 - 3*q + 2. Let y be w(1). Let p(t) = 2*t**2 - 9*t - 13. Let d(k) = y*p(k) + 5*s(k). What is d(4)?
-4
Let d(f) be the first derivative of 7*f**4/2 - f**3/3 + 5*f**2/2 - 2*f - 1385. Calculate d(1).
16
Let n = -5346 - -5353. Let k(m) = -2*m**2 + 5*m + 5. Calculate k(n).
-58
Let h(t) = 5*t - 13 - 9 + 16 - t**2. Let y be h(5). Let s(u) = -5 + 46*u + u**2 - 7 - 1 + 17 - 39*u. Give s(y).
-2
Let f(j) = -9*j - 2*j**3 - 696 + 721 + 691*j**2 - 714*j**2. Calculate f(-11).
3
Let n = 726 + -720. Let o(i) be the first derivative of -2*i**2 + 4*i - 11. Calculate o(n).
-20
Let h(n) = 932 + 933 - 3742 + 938 + 66*n + 933. Determine h(-2).
-138
Suppose 5*r - 2*z - 4 = 3, 5 = 2*r - 3*z. Let s(f) = -3 + 33*f**3 + 4*f**2 - 1536*f - 3*f**2 + 4 + 1534*f. Determine s(r).
33
Suppose -16 + 0 = 4*i, 5*i + 24 = 4*o. Let c(t) = 5 - 13*t - o - 6. Determine c(-2).
24
Suppose 0*v + 2*n + 221 = 5*v, -3*v = n - 137. Suppose 25*a = 28*a - v. Let f(b) = 3*b**2 - 4*b**2 + a*b**3 - 14*b**3 - 3 + 3*b. What is f(2)?
7
Let h(x) = -2*x**2 - 24*x - 16. Let u(k) = 2*k + 1969 - 2061 + k. Let w be u(27). Determine h(w).
6
Suppose 7*b - 75 = -29*b - 39*b. Let h(t) = 2*t**3 - 2*t**2 + 4*t - 1. What is h(b)?
3
Let y(g) = -18 - 10 - g**2 + 55 - 26 + 6*g. What is y(7)?
-6
Let h(s) = -27*s**3 + 1324*s**2 - 51*s + 93. Let m be h(49). Let c = 2 - -1. Let p(y) = 6*y - 2*y - c + y**2 + 2*y. What is p(m)?
-8
Let n(d) be the third derivative of 0*d + 0 - d**3 - 142*d**2 - 1/24*d**4. What is n(0)?
-6
Let z(i) = 860 - 5*i - 50*i**2 + i + 2*i - 857. Determine z(1).
-49
Let b = 225 - 149. Let r = b - 71. Suppose 0 = -3*i + 2*j - 1, r*i + 1 - 16 = -5*j. Let u(f) = -14*f**2 - f + 1. Calculate u(i).
-14
Let x(i) = -i**2 + 10*i - 7. Suppose -487 = 4*b - 3*r + 364, -2*b - r - 423 = 0. Let a be 795/b*(-24)/10. Determine x(a).
2
Let r = -11535/4 - -2884. Let v(m) be the third derivative of 0 + 0*m + 1/2*m**3 - r*m**4 + 11*m**2 + 1/60*m**5. What is v(4)?
-5
Let d(i) = -i**2 + 2*i + 10. Let f be (-2 - -2)*((-4)/(-16) + -10 + 10). What is d(f)?
10
Let y(s) = -6*s - 4*s**2 - 5 - 4*s - s**3 + 15*s**2. Let d = 1124 - 1114. Calculate y(d).
-5
Let i = -11 + 15. Suppose 0 = 5*g + u + 6, u = 4*g - i*u - 1. Let l(m) = m**2 + m - 7. Let b(y) = y - 3. Let r(h) = 2*b(h) - l(h). Calculate r(g).
-1
Let m(f) = -4*f**3 + f**2 - f + 2. Let o(a) = a**3 - a**2. Let v(h) = -m(h) - 3*o(h). Let r = 17 - 16. Suppose -r = -2*x + 5*s, -3*s - 9 = 4*x + 2. Give v(x).
-4
Let s = 1 + 1. Let m(h) = -h**2 + 6*h + h**2 - h**s. Let z(r) = -12*r - 222. Let c be z(-19). Give m(c).
0
Let h(s) = -7 + 26 - 4*s**2 - 2*s**3 - 15 + 3*s**3 - 8 + s. Give h(4).
0
Let d(l) = -13*l**3 + 41*l**2 - 43*l - 49. Let z(w) = 4*w**3 - 14*w**2 + 14*w + 16. Let a(x) = 2*d(x) + 7*z(x). What is a(7)?
0
Let w(b) = -9*b**2 + 13*b + 23. Let j(o) = 19*o**2 - 28*o - 52. Let y(k) = -3*j(k) - 7*w(k). Give y(-3).
70
Suppose -10 = -3*i - 1. Suppose -i*o = -d + 2*o - 1, -5*d - 2*o = 32. Let g = d + 10. Let u(r) = -2*r + 6. Give u(g).
-2
Let n(k) = -3331*k**2 - 303 - 20*k + 347 - k**3 + 3308*k**2. Calculate n(-22).
0
Let r(x) = -2*x**2 - 63*x + 643. Let h be r(8). Let s(w) = w**3 - 12*w**2 + 17*w - 69. Determine s(h).
-3
Let a(c) = 2*c**3 + 2*c**2 - 8*c - 12. Suppose 47*p + 25 = -46*p - 254. Determine a(p).
-24
Let d(q) = 32*q + 41. Let n be d(-1). Let i(f) = -18*f + 164. Determine i(n).
2
Let k(c) = -19*c + 93. Let a(s) = s**2 + 76*s + 153. Let v be a(-2). Give k(v).
-2
Let y = -4 + -104. Let v = y + 72. Let f = v + 43. Let n(t) = -t**2 + 9*t - 10. Calculate n(f).
4
Let q(d) be the first derivative of 4*d - 1/3*d**3 - 43 - 5*d**2. Calculate q(-8).
20
Let c(w) = 8*w**2 + 3*w + 8. Let q(a) = -11*a**2 - 4*a - 10. Let i(k) = -4*c(k) - 3*q(k). Give i(-8).
62
Let q be 2*((-132)/(-8))/(-11). Let f be (2 + q)/(8/(-48)). Let u(p) be the second derivative of p**5/20 - 7*p**4/12 + 5*p**3/3 - 9*p**2/2 - p. Calculate u(f).
15
Let l(b) = -2*b**2 + 4*b + 3*b**2 + 11 - 2 + b - 2*b. Give l(-8).
49
Let q(o) = 12*o + 4. Let r(b) be the third derivative of -b**6/120 + b**5/12 - 5*b**4/24 - b**3 - 130*b**2. Let x be r(3). Determine q(x).
-32
Let d be 3 - ((-8)/2 + (9 - 3)). Let z(o) = 3*o - 4*o + d + 0*o - 7. Let r be (-1 - 0) + -2 + -4. Calculate z(r).
1
Let p(k) = -12*k - 7. Let i be 2/2*(21/(-7) + 6 + -2). Give p(i).
-19
Let z be (-5 + 7)*53*-1. Let q = z + 176. Suppose -9*v = v - q. Let l(a) = -a**2 + 9*a - 9. What is l(v)?
5
Suppose 5*b - 3*s = 19, -4*b + 3*s + 2 + 15 = 0. Let i(w) = -8*w + 7 + 11*w**b + 7*w - 10*w**2. Give i(0).
7
Let g(y) = 5*y + 36. Suppose 68*l + 120 = -288. Determine g(l).
6
Suppose 2*j + 8 = w + 3*w, j + 5 = 3*w. Let o be (-4)/(-3)*(w + -4). Let g(b) = -9*b - 5*b**2 + 12*b + 5 - 4 + 6*b**2. Determine g(o).
5
Let m(a) = -2*a**3